ase 7) to base 13.
-c0c951
What is 11502 (base 11) in base 12?
9717
10910 (base 16) to base 15
1518b
Convert 4a93318 (base 11) to base 14.
125cdb4
-82070 (base 14) to base 3
-120220020102
Convert -101124101 (base 5) to base 9.
-685884
What is 2602965 (base 12) in base 9?
15044555
-35256267 (base 8) to base 16
-755cb7
Convert 1111212200120 (base 3) to base 12.
329750
What is -104122401 (base 5) in base 6?
-13451403
What is 10aa20 (base 16) in base 11?
686594
-2853013 (base 10) to base 12
-b57071
What is 202200 (base 3) in base 9?
680
Convert -19c381 (base 13) to base 7.
-5366356
5758607 (base 9) to base 14
5ad39c
110100011100100110 (base 2) to base 14
58406
-4273536 (base 8) to base 4
-10113131132
What is 8578835 (base 9) in base 7?
54043532
Convert 1486421 (base 10) to base 15.
1e564b
-2005301 (base 6) to base 2
-10111000100100101
What is -14a14 (base 13) in base 11?
-27386
Convert 221220100002 (base 3) to base 8.
1743570
Convert -13eb12 (base 16) to base 11.
-811813
What is -5827760 (base 10) in base 16?
-58ecb0
Convert 210104414 (base 5) to base 11.
53a515
3131302 (base 6) to base 16
25196
Convert 3121127 (base 8) to base 2.
11001010001001010111
Convert -11a393 (base 11) to base 4.
-232100123
63d9 (base 14) to base 3
212122122
What is 2a9d (base 14) in base 11?
5778
Convert -403506 (base 7) to base 15.
-15473
Convert 10221010100202 (base 3) to base 2.
111111101111110010000
-1686d8c (base 15) to base 5
-13143001212
What is 22100333 (base 4) in base 16?
a43f
Convert -13012210 (base 6) to base 14.
-ad982
Convert 1305017 (base 9) to base 4.
2231320321
What is 11599 (base 10) in base 16?
2d4f
131150 (base 7) to base 10
24437
Convert 22000221201 (base 3) to base 6.
3220114
Convert -141546 (base 7) to base 4.
-12212121
Convert 25521 (base 14) to base 16.
165a9
Convert 213115 (base 7) to base 4.
21003301
What is -21021120201 (base 3) in base 16?
-22fcc
Convert 48315 (base 10) to base 13.
18cb7
-741745 (base 9) to base 3
-211101211112
What is -6135246 (base 7) in base 8?
-2625147
Convert 148a9e (base 15) to base 11.
617839
-5b01 (base 16) to base 3
-1011221212
What is 1392ab (base 16) in base 6?
43254323
Convert 401716 (base 9) to base 5.
30100012
What is -4463750 (base 8) in base 3?
-2021021122212
37715 (base 9) to base 12
1281b
-100112212000201 (base 3) to base 9
-10485021
-1881392 (base 10) to base 12
-768928
-3410152 (base 10) to base 9
-6366757
What is -7c9db8 (base 14) in base 16?
-40e5ee
11100001001011100100101 (base 2) to base 14
da107b
What is 629a153 (base 11) in base 8?
52251226
Convert -376561 (base 11) to base 13.
-17a673
Convert -2344400 (base 6) to base 13.
-43ba8
Convert -1016565 (base 7) to base 2.
-11101111000100000
Convert 141342412 (base 5) to base 10.
730982
ac77 (base 14) to base 3
1112000022
What is 124434321 (base 5) in base 4?
2120123100
47a58 (base 11) to base 5
4203104
-9d84 (base 16) to base 3
-2001022111
-20937 (base 15) to base 3
-12020201221
1604089 (base 10) to base 11
9a61a3
Convert -2101784 (base 10) to base 11.
-1206113
300440304 (base 5) to base 15
186a54
Convert 10638380 (base 9) to base 5.
2310204333
Convert 1cc591 (base 15) to base 13.
3a4218
What is -93772 (base 10) in base 16?
-16e4c
What is 997dc9 (base 14) in base 2?
10011110111100000011101
Convert 142741 (base 8) to base 2.
1100010111100001
219628 (base 12) to base 2
10000010100101000000
Convert -1625781 (base 12) to base 4.
-101102000101
Convert 1255304 (base 6) to base 5.
4214010
What is -100101000010001101000 (base 2) in base 11?
-759832
What is 2222110111111 (base 3) in base 8?
6025210
Convert -125b0bc (base 13) to base 4.
-111320201022
Convert -106e686 (base 15) to base 10.
-11743101
What is -194482 (base 14) in base 10?
-895442
What is 32c42a (base 15) in base 13?
669b47
What is -10633635 (base 7) in base 8?
-3436111
Convert 23ede7 (base 15) to base 13.
48346c
4892613 (base 10) to base 3
100012120101220
What is -11101101100010010000 (base 2) in base 4?
-3231202100
What is -2132100113 (base 4) in base 7?
-5336561
What is -1606116 (base 10) in base 6?
-54231420
-2d867 (base 15) to base 6
-3052354
What is -200126322 (base 7) in base 15?
-103338c
Convert -1952a6 (base 11) to base 13.
-a6621
-1022112102 (base 4) to base 8
-1122622
-1442615 (base 8) to base 13
-115110
10100110101100111 (base 2) to base 10
85351
What is 422321 (base 6) in base 12?
179a1
-bcaa (base 15) to base 9
-60757
What is -615b55 (base 16) in base 15?
-860733
What is 10101011010110011001 (base 2) in base 7?
5652131
c94780 (base 14) to base 16
67f1bc
What is -71430722 (base 8) in base 3?
-1001101110011000
332bc (base 13) to base 16
16a5f
Convert -a88b61 (base 13) to base 16.
-3c7064
What is -21010020010120 (base 3) in base 2?
-1110011011101110110110
Convert -37017151 (base 8) to base 12.
-28833a1
Convert -7ccad (base 15) to base 16.
-611aa
What is -884130 (base 9) in base 8?
-2007040
Convert 1100010100100001011111 (base 2) to base 7.
36311205
What is -2326645 (base 11) in base 2?
-1111100000010000111110
d629 (base 16) to base 3
2210012120
What is -4a161 (base 16) in base 15?
-5eda7
Convert 18b210 (base 12) to base 3.
211001101010
Convert -9f449 (base 16) to base 11.
-406146
What is -220021 (base 7) in base 9?
-57641
-391296 (base 12) to base 4
-3210111102
-241552 (base 7) to base 5
-2400333
-260055 (base 11) to base 9
-684374
Convert -5200661 (base 8) to base 13.
-392812
What is 367744 (base 9) in base 8?
662017
What is 121332320 (base 4) in base 10?
106424
dd35 (base 15) to base 13
1842b
4423505 (base 7) to base 12
222915
Convert 3cad6c (base 15) to base 6.
142345350
Convert -1638e6 (base 16) to base 5.
-333100413
Convert -76f04 (base 16) to base 12.
-1b5b18
-4238533 (base 9) to base 8
-10521164
What is a7452 (base 11) in base 13?
56188
b2650 (base 13) to base 9
536420
Convert -215466 (base 9) to base 12.
-62580
Convert 52521 (base 8) to base 12.
10781
-21011202222000 (base 3) to base 13
-a37085
1130342243 (base 6) to base 14
196952b
-2387852 (base 10) to base 4
-21012332030
What is -146236233 (base 7) in base 11?
-5599880
-1125582 (base 10) to base 13
-305433
What is -215853 (base 9) in base 14?
-35024
What is 30210331102 (base 4) in base 15?
451dc1
Convert 493881 (base 10) to base 16.
78939
Convert -2323113310 (base 4) to base 12.
-310184
Convert 1153665 (base 7) to base 8.
440567
Convert -423212422 (base 5) to base 9.
-3301816
What is -353491 (base 15) in base 16?
-26cb4b
What is 3a773 (base 14) in base 3?
21022202022
What is 110011000110110011111 (base 2) in base 6?
55521011
What is -321024 (base 10) in base 8?
-1163000
What is -4324041211 (base 5) in base 14?
-1318c58
Convert -341342340 (base 5) to base 15.
-1ed0ea
4d5fb (base 16) to base 4
1031113323
What is 532467 (base 16) in base 12?
19a92b3
-100021001 (base 3) to base 6
-51131
Convert -2082304 (base 9) to base 7.
-12331531
What is -10022201221 (base 3) in base 16?
-ff8b
Convert 1242203232 (base 5) to base 9.
5721514
What is 27a60 (base 11) in base 5?
2234000
What is 2144111 (base 5) in base 13?
14045
2b71148 (base 12) to base 9
17587372
What is 55656 (base 9) in base 2?
1001000001111011
What is 1021101132 (base 4) in base 3?
120020200210
What is 11236376 (base 8) in base 10?
2440446
518b20 (base 14) to base 7
32250240
Convert 143902 (base 14) to base 4.
2223100232
Convert -93952a (base 11) to base 7.
-15541444
-3ad11 (base 15) to base 14
-4ca10
What is -320231220 (base 4) in base 8?
-705550
Convert 43490 (base 13) to base 2.
11101101100011100
Convert 699357 (base 13) to base 2.
1001100011100111000111
Convert 11010101110111 (base 3) to base 4.
20113100320
-270735 (base 10) to base 12
-110813
Convert -1845b (base 15) to base 3.
-10222211112
Convert b625d (base 15) to base 9.
1070357
Convert 78544 (base 10) to base 13.
2999b
-23021221033 (base 4) to base 13
-7b464b
Convert 11002210001 (base 3) to base 7.
454306
What is 1053312 (base 10) in base 3?
1222111212120
What is -3042511 (base 7) in base 4?
-1120233202
What is -11421532 (base 8) in base 6?
-125323214
Convert a3091 (base 14) to base 6.
12225115
Convert 2303142310 (base 5) to base 2.
10011100100101011001011
-3b6a2 (base 13) to base 3
-12122020222
What is -275 (base 16) in base 6?
-2525
What is 77595 (base 11) in base 5?
12100023
Convert 345533 (base 9) to base 3.
101112